4*n + 8*n + 2*d. Let m(b) = -b**3 - b**2 - 13. Give m(n).
-13
Let o = -15 + 15. Let g(n) = -n - 23. Calculate g(o).
-23
Let u(c) = -4*c**2 - 3*c + 2. Let m be u(1). Let v(d) = -3*d - 2. Determine v(m).
13
Let w(j) = -j + 2. Suppose 5*a = -2*p + p + 5, -5*p - 2*a + 48 = 0. Suppose -5*z + 0*z = -t - 31, -4*t - 29 = -z. Let o = p + t. What is w(o)?
-2
Let a = 6 + -6. Let l(b) = -b**3 + 13 - b**2 - 12 + a*b**3. What is l(1)?
-1
Let w(d) be the second derivative of -d**5/20 - d**4/4 + 2*d**2 + d. Suppose -5*l - 209 = 341. Let j be (-2)/(-3) - l/(-30). Calculate w(j).
4
Let h be 64/12*9/6. Let k = h - 6. Let b(y) = -y**2 - 1. Let r(x) = -5*x**2 - 2*x - 2. Let d(n) = -4*b(n) + r(n). Determine d(k).
-6
Let h(s) = 16*s - 8. Let a(w) = -w + 1. Let b(x) = -12*a(x) - h(x). Calculate b(6).
-28
Suppose 0 = 4*p + 5*a + 6, a + 8 + 2 = -3*p. Let g(h) = -h**2 - 4*h + 5. Calculate g(p).
5
Let n(p) = p**2 - 1. Let s be n(2). Suppose -s = -2*m + 1. Let t(c) = 1 + 3*c + 2*c - 1 + m. Give t(-2).
-8
Let h(o) = -o + 5. Let g be 0 + 0 + 1 + -2. Let d be g/((2/(-3))/2). Let f be 6/(-9) - (-2)/d. What is h(f)?
5
Let b(d) = -11*d**3 - 26*d**2 - 8*d - 6. Let z(t) = 4*t**3 + 9*t**2 + 3*t + 2. Let w(l) = -3*b(l) - 8*z(l). Calculate w(-6).
2
Let v(a) = a - 6. Let u(d) be the second derivative of d**4/12 - 5*d**3/6 - 9*d**2/2 + 3*d. Let z be u(7). Give v(z).
-1
Let o(z) = -z**3 + 6*z**2 + 4*z - 4. Let k = 27 - 21. Give o(k).
20
Let z(y) = 5*y + 4. Let h(k) = 4*k + 3. Suppose 0 - 3 = -a. Suppose -5*t = -5*u - 9 - 6, 3*t + 3*u + 21 = 0. Let g(p) = a*h(p) + t*z(p). Calculate g(2).
5
Suppose 0 = 39*y - 26 - 13. Let k = 25 - 8. Let v(d) = 20*d**2 + 14*d + 20. Let r(p) = 7*p**2 + 5*p + 7. Let n(i) = k*r(i) - 6*v(i). Give n(y).
-1
Let g(y) = -y + 3. Let x(a) = -a - 11. Let i be x(-11). Let c = i + 5. Suppose -3*l - c*q - 11 = 16, 0 = -5*q - 15. Calculate g(l).
7
Let t(b) = b + 2. Suppose -5*o = -2*o - 6. Let k be (o + -2)/(-2 + 3). Determine t(k).
2
Let b = 13 - 10. Let j(g) = -3*g + 0 - b + 4 + 13*g. Suppose -3*q + 1 = -i, 5*q + 2*i - 3 = 6. Give j(q).
11
Suppose 46*n = 49*n + 15. Let o(x) = 5 + 2*x - 3*x + 2*x. Determine o(n).
0
Let f be 4/1 + -1 + -1. Let p(i) = -i - 2. Let j be p(f). Let w(l) = -4*l - 1. Let k(t) = 7*t + 1. Let o(d) = 3*k(d) + 5*w(d). Give o(j).
-6
Let z(m) = m**3 - 6*m**2 - 6*m - 5. Let t = 15 + -8. Calculate z(t).
2
Let v = 6 - 3. Suppose -4*t - 3 = -11. Let u(f) = 6*f + 1 + v*f**t - f**3 + f - 4*f. Give u(4).
-3
Let r = -6 + 6. Let y(w) = -w**2 - w + 7. Calculate y(r).
7
Let y(s) = 3*s**3 - 2*s**2 + 1. Let o be y(-1). Suppose 5*x = 2*x. Let m(t) = 0*t**2 + 2*t + 5*t**2 + x*t**2 - 4*t**2. What is m(o)?
8
Let b(o) = -3 + 3*o**2 + 3*o - o**3 - o + o + 3*o. Suppose k = 4*k - 12. Calculate b(k).
5
Suppose 0 = -2*p - 0*p - 4*c - 32, 5*p + 25 = c. Let r(z) = z**3 + 6*z**2 - 2*z - 9. Let v be r(p). Let b(y) = -y + 2. Determine b(v).
-1
Let l be 0 + 0 - (-6)/6. Suppose -l + 5 = -4*f. Let i(u) = 3*u**3 - u. Determine i(f).
-2
Let q(s) = -4 + s - 1 - 2. Let k(p) = -3*p + 8. Let m be k(6). Let w be 11/2 + 5/m. What is q(w)?
-2
Let v be 3*(-2)/(-18)*6. Let p(a) = 14*a + v - 2 - 13*a. Determine p(5).
5
Let z(d) be the first derivative of -d**2/2 + 7. Calculate z(-3).
3
Let l(k) = 1 - 2*k**2 + k**2 - 6*k + 0*k**2 - 7. Let w = -15 - -10. Determine l(w).
-1
Let x(i) be the third derivative of i**8/6720 + i**7/840 + i**6/360 + i**5/120 + i**4/12 + 3*i**2. Let q(g) be the second derivative of x(g). What is q(-2)?
1
Let z(s) be the third derivative of s**5/15 - s**4/24 + s**2. Suppose 4*c + 2 = 2*c. Determine z(c).
5
Suppose -15*v + 11*v + 4 = 0. Let j(m) = -6*m + 4*m - 6*m. Determine j(v).
-8
Let q(p) = -6*p - 2 + 5*p**2 - 13*p**2 + 9*p**2. Suppose 16 = 2*t - 2*y, 2*t - 30 = -2*t + 3*y. Determine q(t).
-2
Suppose 2*i + 0 - 8 = 0. Let a be ((-2)/i)/(1/8). Let d(u) be the first derivative of u**2 + u + 3. What is d(a)?
-7
Let p(n) be the first derivative of 3*n**2 - 5/3*n**3 - 4*n + 3 - 1/4*n**4. Determine p(-6).
-4
Let d(x) = 49*x + 42. Let i(g) = -g - 1. Let r(z) = -d(z) - 42*i(z). Calculate r(1).
-7
Suppose 0 = r - 7 + 4. Let z(g) = -g**2 + g + 2. What is z(r)?
-4
Let d(q) = -9 - 7 + 2 - q. Calculate d(0).
-14
Let j(p) be the first derivative of -p**3/3 - 9*p**2/2 + 14*p + 10. Determine j(-10).
4
Let k = 21 - 21. Let b(c) be the third derivative of -2/3*c**3 + 2*c**2 + 1/8*c**4 + k + 0*c - 1/60*c**5. Calculate b(3).
-4
Let g(s) = 21*s**2 - 3*s. Let c(i) = 7*i**2 - i. Let d(w) = -8*c(w) + 3*g(w). Calculate d(1).
6
Let i(k) = -20*k + 3 + 11*k + 10*k. Calculate i(-5).
-2
Let l(h) = -h + 3. Let m = -33 - -28. Calculate l(m).
8
Let n be 1/(-2) + (-75)/10. Let s = n + 10. Let u(z) = 2*z**2 - 1 - 2*z**3 + z + 0*z + 3. What is u(s)?
-4
Suppose 5*l - 3 = 5*s - 8, 5*l + 4*s - 22 = 0. Let j(x) = -x**2 + 4*x - 1. Let h(i) = -i**2 + 4*i. Let c(v) = -2*h(v) + 3*j(v). What is c(l)?
1
Let v = -9 + 10. Let a(h) = 2*h + 1. Determine a(v).
3
Let r(w) = w**2 - 2*w - 1. Let a(j) = -j**2 + 10*j - 1. Let g(z) = a(z) + 2*r(z). Calculate g(-7).
4
Let k(b) be the third derivative of b**4/8 - b**3/6 + b**2. Suppose -3*q + 59 + 1 = 0. Suppose 4*y + q = -3*g, -2*g - 2 = -5*y + g. What is k(y)?
-7
Let c(t) = t**2 - 8*t - 14. Let k be c(10). Let d(n) = -n + 3. Give d(k).
-3
Let o = -19 - -23. Let s(h) be the second derivative of -2/3*h**3 + 0 - 1/12*h**o - 4*h + h**2. Calculate s(-4).
2
Let p(a) = -a**3 + 4 - 2 + 2 + 3*a + 2*a**2. Suppose 3*y - y - 6 = 0. Suppose 6*c - c = 25, -y*s - 5*c = -34. Determine p(s).
4
Let d(r) = -r**2 - r + 1. Let t(j) = -j - 3*j**3 + 4*j**2 + 4*j**3 + j**2 + 2 + 5*j. Let q be t(-4). Suppose q = -v - 1. Give d(v).
-5
Let y(h) = h - 1. Let n(o) = -o. Let w(x) = -5*n(x) - y(x). What is w(1)?
5
Suppose 2*l = -5*h - 14 - 13, -39 = 4*l - 5*h. Let s = l - -15. Let q(u) = -u**2 + 5*u - 6. Give q(s).
-2
Let l be (3 - (-20)/(-6))*-6. Let v(n) = -l + 3 - 2*n**2 + 0*n**2. Give v(-2).
-7
Suppose 8 = -4*j, -5*r - 5*j = 9 + 11. Let u(f) = -2*f**2 + 17*f + 9. Let l(w) = w**2 - 6*w - 3. Let v(b) = 8*l(b) + 3*u(b). Determine v(r).
5
Let a(n) = -n**2 - 7*n - 3. Let g = -23 - -18. Calculate a(g).
7
Let s(n) = -n**2 + 6*n - 3. Let b be s(5). Let p(o) = 2*o**2 - 4*o**2 + 1 - 28*o + 28*o. Determine p(b).
-7
Let f(s) be the second derivative of -s**4/12 + 5*s**3/6 - 3*s**2/2 + s. Let d = 6 - 2. Let c(v) = -v**3 + 5*v**2 - 3*v - 2. Let w be c(d). Calculate f(w).
3
Let t = 5 + -11. Let d(z) = -z**3 - 5*z**2 + 7*z - 5. Determine d(t).
-11
Let h be 3/(6*5/30). Let f(l) be the first derivative of -h*l - 3 + 7/2*l**2. Give f(2).
11
Let d(v) be the second derivative of v**3/6 + 3*v**2/2 - v. Let q(y) = -4*y - 10. Let i(f) = -16*d(f) - 5*q(f). Determine i(-3).
-10
Let s(j) = j + 14. Let u = 81 + -81. Determine s(u).
14
Let h(v) = -v**2 - 1. Suppose 4*b = -0*b - 2*z + 80, -z + 80 = 4*b. Let g = b + -14. Suppose -g*c = -3*c + 3. Give h(c).
-2
Let a(u) be the third derivative of -u**4/24 - u**3/3 + u**2. Let v be 7/(35/(-2)) + 68/20. Give a(v).
-5
Let x(y) = -2*y + 3*y + 1 + 0*y. Let k be (-2)/5 + (-56)/10. What is x(k)?
-5
Let i = 9 - 5. Suppose -6*y + i*h = -2*y - 8, -4 = -4*h. Let z(w) = -w**2 + 3*w - 1. Calculate z(y).
-1
Let o = -8 - 34. Let j be 2/8 - o/(-8). Let r(a) = -a**2 - 7*a. Give r(j).
10
Suppose 0 = -a - 4, 7*a + 15 = k + 4*a. Let j(g) be the first derivative of 1/3*g**k - 4 - 2*g**2 + 0*g + 1/4*g**4. Calculate j(-3).
-6
Let g = -8 - -19. Let b(u) = 19*u + 8. Let a(w) = -10*w - 1. Let s(n) = 1. Let o(k) = -a(k) + 3*s(k). Let t(i) = g*o(i) - 6*b(i). What is t(-3)?
8
Suppose 8*r + 30 + 18 = 0. Let n(s) = -s**3 - 6*s**2 + 1. Determine n(r).
1
Let z(k) = -7*k**3 - 21*k**2 - 29*k - 3. Let l(t) = -10*t**3 - 32*t**2 - 43*t - 4. Let c(w) = -5*l(w) + 7*z(w). Calculate c(-12).
-1
Let v(i) = -7*i + 10. Let s(o) = 11*o - 15. Let f = 13 + -5. Let z(a) = f*v(a) + 5*s(a). Let q be z(4). Let n(d) = -3*d - 1. Give n(q).
-4
Let p = 11 - 5. Let h(t) = -t**2 - 6*t + 1. Let g(i) = 1. Let j(a) = p*g(a) + h(a). Determine j(-7).
0
Let t(a) = 2*a + 6. Let v = -8 + 4. Let j be -3 + v + 4 + -3. Calculate t(j).
-6
Let q(r) = -79*r**3 - 8 + 80*r**3 - 2*r + r + r**2. Suppose 5*k = 25, -h = 2*h - k + 5. Determine q(h).
-8
Suppose 4*v - 4 = -0, 2*u - 3*v + 1 = 0. Let s(t) = 3*t**2 - 7*t**2 - 4*t**2 + t + 7*t**2 - 8*t**3. Calc